{"id":14,"date":"2024-10-22T10:59:19","date_gmt":"2024-10-22T08:59:19","guid":{"rendered":"https:\/\/zooteka.com.pl\/?page_id=14"},"modified":"2024-12-18T14:27:29","modified_gmt":"2024-12-18T13:27:29","slug":"zooteka","status":"publish","type":"page","link":"https:\/\/zooteka.com.pl\/","title":{"rendered":"Zooteka"},"content":{"rendered":"\t\t<div data-elementor-type=\"wp-page\" data-elementor-id=\"14\" class=\"elementor elementor-14\">\n\t\t\t\t<div class=\"elementor-element elementor-element-736d250 e-grid animated-fast e-con-boxed elementor-invisible e-con e-parent\" data-id=\"736d250\" data-element_type=\"container\" data-e-type=\"container\" data-settings=\"{&quot;animation&quot;:&quot;fadeInDown&quot;}\">\n\t\t\t\t\t<div class=\"e-con-inner\">\n\t\t\t\t<div class=\"elementor-element elementor-element-f80dfa1 elementor-widget elementor-widget-heading\" data-id=\"f80dfa1\" data-element_type=\"widget\" data-e-type=\"widget\" data-widget_type=\"heading.default\">\n\t\t\t\t<div class=\"elementor-widget-container\">\n\t\t\t\t\t<h2 class=\"elementor-heading-title elementor-size-default\">KRK RAP ATAK 2.0 NA WINYLU<\/h2>\t\t\t\t<\/div>\n\t\t\t\t<\/div>\n\t\t\t\t\t<\/div>\n\t\t\t\t<\/div>\n\t\t<div class=\"elementor-element elementor-element-9549fe8 e-flex e-con-boxed e-con e-parent\" data-id=\"9549fe8\" data-element_type=\"container\" data-e-type=\"container\">\n\t\t\t\t\t<div class=\"e-con-inner\">\n\t\t\t\t<div class=\"elementor-element elementor-element-a791b92 elementor-widget elementor-widget-image\" data-id=\"a791b92\" data-element_type=\"widget\" data-e-type=\"widget\" data-widget_type=\"image.default\">\n\t\t\t\t<div class=\"elementor-widget-container\">\n\t\t\t\t\t\t\t\t\t\t\t\t\t\t\t<img fetchpriority=\"high\" decoding=\"async\" width=\"1076\" height=\"540\" src=\"https:\/\/zooteka.com.pl\/wp-content\/uploads\/2024\/12\/KRKRAPATAK_VINYL_Mockup_2024_MW-2.jpg\" class=\"attachment-full size-full wp-image-122\" alt=\"KRK RAP ATAK WINYL\" srcset=\"https:\/\/zooteka.com.pl\/wp-content\/uploads\/2024\/12\/KRKRAPATAK_VINYL_Mockup_2024_MW-2.jpg 1076w, https:\/\/zooteka.com.pl\/wp-content\/uploads\/2024\/12\/KRKRAPATAK_VINYL_Mockup_2024_MW-2-300x151.jpg 300w, https:\/\/zooteka.com.pl\/wp-content\/uploads\/2024\/12\/KRKRAPATAK_VINYL_Mockup_2024_MW-2-1024x514.jpg 1024w, https:\/\/zooteka.com.pl\/wp-content\/uploads\/2024\/12\/KRKRAPATAK_VINYL_Mockup_2024_MW-2-768x385.jpg 768w\" sizes=\"(max-width: 1076px) 100vw, 1076px\" \/>\t\t\t\t\t\t\t\t\t\t\t\t\t\t\t<\/div>\n\t\t\t\t<\/div>\n\t\t\t\t\t<\/div>\n\t\t\t\t<\/div>\n\t\t<div class=\"elementor-element elementor-element-993fb02 e-flex e-con-boxed e-con e-parent\" data-id=\"993fb02\" data-element_type=\"container\" data-e-type=\"container\">\n\t\t\t\t\t<div class=\"e-con-inner\">\n\t\t<div class=\"elementor-element elementor-element-10030bb e-con-full e-flex e-con e-child\" data-id=\"10030bb\" data-element_type=\"container\" data-e-type=\"container\">\n\t\t\t\t<div class=\"elementor-element elementor-element-e39ea58 elementor-widget elementor-widget-image\" data-id=\"e39ea58\" data-element_type=\"widget\" data-e-type=\"widget\" data-widget_type=\"image.default\">\n\t\t\t\t<div class=\"elementor-widget-container\">\n\t\t\t\t\t\t\t\t\t\t\t\t\t\t\t<img decoding=\"async\" width=\"1076\" height=\"778\" src=\"https:\/\/zooteka.com.pl\/wp-content\/uploads\/2024\/12\/Plyta-winylowa.jpg\" class=\"attachment-full size-full wp-image-125\" alt=\"\" srcset=\"https:\/\/zooteka.com.pl\/wp-content\/uploads\/2024\/12\/Plyta-winylowa.jpg 1076w, https:\/\/zooteka.com.pl\/wp-content\/uploads\/2024\/12\/Plyta-winylowa-300x217.jpg 300w, https:\/\/zooteka.com.pl\/wp-content\/uploads\/2024\/12\/Plyta-winylowa-1024x740.jpg 1024w, https:\/\/zooteka.com.pl\/wp-content\/uploads\/2024\/12\/Plyta-winylowa-768x555.jpg 768w\" sizes=\"(max-width: 1076px) 100vw, 1076px\" \/>\t\t\t\t\t\t\t\t\t\t\t\t\t\t\t<\/div>\n\t\t\t\t<\/div>\n\t\t\t\t<\/div>\n\t\t\t\t\t<\/div>\n\t\t\t\t<\/div>\n\t\t<div class=\"elementor-element elementor-element-40daaf6 e-flex e-con-boxed e-con e-parent\" data-id=\"40daaf6\" data-element_type=\"container\" data-e-type=\"container\">\n\t\t\t\t\t<div class=\"e-con-inner\">\n\t\t\t\t<div class=\"elementor-element elementor-element-39c62da elementor-widget elementor-widget-text-editor\" data-id=\"39c62da\" data-element_type=\"widget\" data-e-type=\"widget\" data-widget_type=\"text-editor.default\">\n\t\t\t\t<div class=\"elementor-widget-container\">\n\t\t\t\t\t\t\t\t\t<p><strong>PRE-ORDER KRK RAP ATAK 2.0 &#8211; P\u0141YTA WINYLOWA<br \/><br \/><\/strong>Zorganizowali\u015bmy zrzutk\u0119 w ramach kt\u00f3rej zach\u0119camy do zakupu limitowanych gadget\u00f3w KRK RAP ATAK 2.0 Pozosta\u0142o ich naprawd\u0119 niewiele.<br \/><br \/>Zebrane fundusze wspiera\u0107 b\u0119d\u0105 inwestycj\u0119 w p\u0142yt\u0119 winylow\u0105. Oferujemy bluzy, koszulki, czapki oraz p\u0142yty CD. KRK RAP ATAK 2.0 okaza\u0142 si\u0119 sukcesem. Sk\u0142adank\u0119, na kt\u00f3rej znalaz\u0142o si\u0119 20 numer\u00f3w promowa\u0142o 5 profesjonalnych teledysk\u00f3w. Na imprezie premierowej, kt\u00f3ra po\u0142\u0105czona by\u0142a z Mistrzostwami \u015awiata DJ&#8217;\u00f3w zgrali wszyscy wykonawcy KRK RAP ATAK 2.0 oraz absolutne gwiazdy \u015bwiatowej sceny turntablistycznej: FLY, JFB i DJ Ride. Wydarzenie by\u0142o pewnego rodzaju manifestem, ho\u0142dem dla kultury hip-hop z okazji 25 lecia dzia\u0142alno\u015bci Agencji Zooteka. Poprzez poni\u017csz\u0105 zrzutk\u0119 mo\u017cesz, te\u017c naby\u0107 w pre-orderze dwup\u0142ytowy winyl KRK RAP ATAK 2.0<\/p><p><strong>PREMIERA DOKUMENTU FILMOWEGO &#8222;KRK RAP ATAK &#8211; 25 lat prawdziwego hip-hopu&#8221;<br \/><\/strong><br \/>Pod koniec stycznie premier\u0119 b\u0119dzie mie\u0107 dokument filmowy podsumowuj\u0105cy prace nad projektem KRK RAP ATAK 2.0. B\u0119dzie to profesjonalna produkcja obejmuj\u0105ca wywiady z artystami i producentami p\u0142yty, niepublikowane uj\u0119cia z plan\u00f3w zdj\u0119ciowych teledysk\u00f3w oraz imprezy premierowej, kt\u00f3ra odby\u0142a si\u0119 30.11.2024 w Hype Park. Film b\u0119dzie mie\u0107 premier\u0119 na kanale <a href=\"https:\/\/www.youtube.com\/user\/ZOOTEKA\" target=\"_blank\" rel=\"noopener\"><strong>YouTube\/Zooteka<\/strong><\/a>. B\u0119dzie go mo\u017cna te\u017c zobaczy\u0107 na imprezie promuj\u0105cej wydanie p\u0142yty winylowej zaplanowanej na luty 2025.<\/p>\t\t\t\t\t\t\t\t<\/div>\n\t\t\t\t<\/div>\n\t\t\t\t\t<\/div>\n\t\t\t\t<\/div>\n\t\t<div class=\"elementor-element elementor-element-8782ebc e-flex e-con-boxed e-con e-parent\" data-id=\"8782ebc\" data-element_type=\"container\" data-e-type=\"container\">\n\t\t\t\t\t<div class=\"e-con-inner\">\n\t\t\t\t<div class=\"elementor-element elementor-element-92f1aab elementor-widget elementor-widget-video\" data-id=\"92f1aab\" data-element_type=\"widget\" data-e-type=\"widget\" data-settings=\"{&quot;youtube_url&quot;:&quot;https:\\\/\\\/www.youtube.com\\\/watch?v=vCHWTi5wm4Y&quot;,&quot;video_type&quot;:&quot;youtube&quot;,&quot;controls&quot;:&quot;yes&quot;}\" data-widget_type=\"video.default\">\n\t\t\t\t<div class=\"elementor-widget-container\">\n\t\t\t\t\t\t\t<div class=\"elementor-wrapper elementor-open-inline\">\n\t\t\t<div class=\"elementor-video\"><\/div>\t\t<\/div>\n\t\t\t\t\t\t<\/div>\n\t\t\t\t<\/div>\n\t\t\t\t\t<\/div>\n\t\t\t\t<\/div>\n\t\t<div class=\"elementor-element elementor-element-e1024a8 e-grid e-con-boxed e-con e-parent\" data-id=\"e1024a8\" data-element_type=\"container\" data-e-type=\"container\">\n\t\t\t\t\t<div class=\"e-con-inner\">\n\t\t\t\t<div class=\"elementor-element elementor-element-ad5a79f elementor-widget elementor-widget-video\" data-id=\"ad5a79f\" data-element_type=\"widget\" data-e-type=\"widget\" data-settings=\"{&quot;youtube_url&quot;:&quot;https:\\\/\\\/www.youtube.com\\\/watch?v=pOokvWQ8mlo&quot;,&quot;video_type&quot;:&quot;youtube&quot;,&quot;controls&quot;:&quot;yes&quot;}\" data-widget_type=\"video.default\">\n\t\t\t\t<div class=\"elementor-widget-container\">\n\t\t\t\t\t\t\t<div class=\"elementor-wrapper elementor-open-inline\">\n\t\t\t<div class=\"elementor-video\"><\/div>\t\t<\/div>\n\t\t\t\t\t\t<\/div>\n\t\t\t\t<\/div>\n\t\t\t\t<div class=\"elementor-element elementor-element-938db2c elementor-widget elementor-widget-video\" data-id=\"938db2c\" data-element_type=\"widget\" data-e-type=\"widget\" data-settings=\"{&quot;youtube_url&quot;:&quot;https:\\\/\\\/www.youtube.com\\\/watch?v=johWPzFzadw&quot;,&quot;video_type&quot;:&quot;youtube&quot;,&quot;controls&quot;:&quot;yes&quot;}\" data-widget_type=\"video.default\">\n\t\t\t\t<div class=\"elementor-widget-container\">\n\t\t\t\t\t\t\t<div class=\"elementor-wrapper elementor-open-inline\">\n\t\t\t<div class=\"elementor-video\"><\/div>\t\t<\/div>\n\t\t\t\t\t\t<\/div>\n\t\t\t\t<\/div>\n\t\t\t\t<div class=\"elementor-element elementor-element-39d5549 elementor-widget elementor-widget-video\" data-id=\"39d5549\" data-element_type=\"widget\" data-e-type=\"widget\" data-settings=\"{&quot;youtube_url&quot;:&quot;https:\\\/\\\/www.youtube.com\\\/watch?v=VVmZ10jNCGQ&quot;,&quot;video_type&quot;:&quot;youtube&quot;,&quot;controls&quot;:&quot;yes&quot;}\" data-widget_type=\"video.default\">\n\t\t\t\t<div class=\"elementor-widget-container\">\n\t\t\t\t\t\t\t<div class=\"elementor-wrapper elementor-open-inline\">\n\t\t\t<div class=\"elementor-video\"><\/div>\t\t<\/div>\n\t\t\t\t\t\t<\/div>\n\t\t\t\t<\/div>\n\t\t\t\t<div class=\"elementor-element elementor-element-fae30a4 elementor-widget elementor-widget-video\" data-id=\"fae30a4\" data-element_type=\"widget\" data-e-type=\"widget\" data-settings=\"{&quot;youtube_url&quot;:&quot;https:\\\/\\\/www.youtube.com\\\/watch?v=6COLHhyGTdM&quot;,&quot;video_type&quot;:&quot;youtube&quot;,&quot;controls&quot;:&quot;yes&quot;}\" data-widget_type=\"video.default\">\n\t\t\t\t<div class=\"elementor-widget-container\">\n\t\t\t\t\t\t\t<div class=\"elementor-wrapper elementor-open-inline\">\n\t\t\t<div class=\"elementor-video\"><\/div>\t\t<\/div>\n\t\t\t\t\t\t<\/div>\n\t\t\t\t<\/div>\n\t\t\t\t\t<\/div>\n\t\t\t\t<\/div>\n\t\t<div class=\"elementor-element elementor-element-ba7f406 e-flex e-con-boxed e-con e-parent\" data-id=\"ba7f406\" data-element_type=\"container\" data-e-type=\"container\">\n\t\t\t\t\t<div class=\"e-con-inner\">\n\t\t\t\t<div class=\"elementor-element elementor-element-b6627f9 elementor-widget__width-auto elementor-widget elementor-widget-heading\" data-id=\"b6627f9\" data-element_type=\"widget\" data-e-type=\"widget\" data-widget_type=\"heading.default\">\n\t\t\t\t<div class=\"elementor-widget-container\">\n\t\t\t\t\t<h2 class=\"elementor-heading-title elementor-size-default\">SUBSKRYBUJ BY BY\u0106 NA BIE\u017b\u0104CO<\/h2>\t\t\t\t<\/div>\n\t\t\t\t<\/div>\n\t\t\t\t<div class=\"elementor-element elementor-element-0ecb40a elementor-widget__width-auto elementor-widget elementor-widget-button\" data-id=\"0ecb40a\" data-element_type=\"widget\" data-e-type=\"widget\" data-widget_type=\"button.default\">\n\t\t\t\t<div class=\"elementor-widget-container\">\n\t\t\t\t\t\t\t\t\t<div class=\"elementor-button-wrapper\">\n\t\t\t\t\t<a class=\"elementor-button elementor-button-link elementor-size-sm elementor-animation-shrink\" href=\"https:\/\/www.youtube.com\/@ZOOTEKA?sub_confirmation=1\" target=\"_blank\">\n\t\t\t\t\t\t<span class=\"elementor-button-content-wrapper\">\n\t\t\t\t\t\t\t\t\t<span class=\"elementor-button-text\">SUBSKRYBUJ<\/span>\n\t\t\t\t\t<\/span>\n\t\t\t\t\t<\/a>\n\t\t\t\t<\/div>\n\t\t\t\t\t\t\t\t<\/div>\n\t\t\t\t<\/div>\n\t\t\t\t\t<\/div>\n\t\t\t\t<\/div>\n\t\t<div class=\"elementor-element elementor-element-13beb8d e-grid e-con-boxed e-con e-parent\" data-id=\"13beb8d\" data-element_type=\"container\" data-e-type=\"container\">\n\t\t\t\t\t<div class=\"e-con-inner\">\n\t\t\t\t<div class=\"elementor-element elementor-element-a9635aa elementor-widget elementor-widget-video\" data-id=\"a9635aa\" data-element_type=\"widget\" data-e-type=\"widget\" data-settings=\"{&quot;youtube_url&quot;:&quot;https:\\\/\\\/www.youtube.com\\\/watch?v=JhmyhpnDync&quot;,&quot;video_type&quot;:&quot;youtube&quot;,&quot;controls&quot;:&quot;yes&quot;}\" data-widget_type=\"video.default\">\n\t\t\t\t<div class=\"elementor-widget-container\">\n\t\t\t\t\t\t\t<div class=\"elementor-wrapper elementor-open-inline\">\n\t\t\t<div class=\"elementor-video\"><\/div>\t\t<\/div>\n\t\t\t\t\t\t<\/div>\n\t\t\t\t<\/div>\n\t\t\t\t\t<\/div>\n\t\t\t\t<\/div>\n\t\t<div class=\"elementor-element elementor-element-5c67aa5 e-grid e-con-boxed e-con e-parent\" data-id=\"5c67aa5\" data-element_type=\"container\" data-e-type=\"container\">\n\t\t\t\t\t<div class=\"e-con-inner\">\n\t\t\t\t<div class=\"elementor-element elementor-element-76991d2 elementor-widget elementor-widget-text-editor\" data-id=\"76991d2\" data-element_type=\"widget\" data-e-type=\"widget\" data-widget_type=\"text-editor.default\">\n\t\t\t\t<div class=\"elementor-widget-container\">\n\t\t\t\t\t\t\t\t\t<p><strong>KRK RAP ATAK 2.0<br \/><\/strong><br \/>Wydanie pierwszej cz\u0119\u015bci KRK RAP ATAK w 2001 roku by\u0142o momentem prze\u0142omowym dla krakowskiej sceny hip-hop. To od tej sk\u0142adanki swoje kariery rozpocz\u0119li arty\u015bci Firmy i Intoksynatora. Po 24 latach p\u0142yta powraca z fuzj\u0105 styli i pokole\u0144.<br \/><br \/>Na albumie znajduj\u0105 si\u0119 numery m\u0142odych przedstawicieli sceny, kt\u00f3rzy eksperymentuj\u0105 z autotune\u2019ami i muzk\u0105 drill\/trap oraz reprezentant\u00f3w \u201estarej bandy\u201d, kt\u00f3ra mimo up\u0142ywu lat ma si\u0119 ca\u0142kiem dobrze. Na p\u0142ycie znalaz\u0142o si\u0119 20 utwor\u00f3w:<\/p><p>01.Bosski x P.A.F.F. \u201eNajlepsza wyprawa nocna\u201d produced by: P.A.F.F.<br \/>02.Kobik \u201eSkrzypek na dachu\u201d produced by: Zzzipper<br \/>03.Hamish \u201eOdkorkowa\u0142em Hennessy\u201d produced by: 4CA$H x ka-meal, cuty: DJ Cider<br \/>04.Gettoblaster (Ind, \u017boo\u0142v) \u201eZnowu\u201d produced by: Jaroz, cuty: Jaroz, saksofon: Micha\u0142 Sosna <br \/>05.Zwola \u201eWci\u0105\u017c o tym samym\u201d produced by: G3ttoboy <br \/>06.camel &amp; GrochuBartt \u201eModelki za samare\u201d produced by: Papabless <br \/>07.Ufocore \u201eKamikaze\u201d produced by: G3ttoboy<br \/>08.S1LENCIO \u201eBezpardonowy Rage\u201d produced by: Seguro<br \/>09.DSN (Ordy, Papaj, Klint) \u201eSiekierap\u201d produced by: TMK Beatz cuty: DJ No One<br \/>10.Abram Montana \u201eKasa, kasa\u201d produced by: Adelbert<br \/>11.Kafu \u201eHalo X\u201d produced by: TMK Beatz<br \/>12.Arson \u201e\u015awiadomo\u015b\u0107\u201d produced by: Krux<br \/>13.Tobi \u201eDo\u015b\u0107 mam\u201d produced by: TMK Beatz<br \/>14.Barrad Squad \u201eSi\u0142a wsteczna\u201d produced by: Smyk<br \/>15.camel, Grochubartt, Hamish, MC Robak, Abram Montana, Zwola, Emceen, S1LENCIO, Arson \u201eMapa Miasta\u201d produced by: MVXXX<br \/>16.Papaj, Sabot, Tobi, Ind, Bosski, Solo GKI, Ordy, Wuerski, Klint, Kafu \u201eStara Banda\u201d produced by: Smyk cuty: DJ Noriz<br \/>17.Wysoki Lot (Sabot, Gruber) \u201eG\u0142owa do g\u00f3ry\u201d produced by: Sabot<br \/>18.MC Robak \u201eTylko w Krakowie\u201d produced by: TMK Beatz<br \/>19.Emceen \u201eJetLag\u201d produced by: Breakdown Society scratch: DJ Edee Dee<br \/>20.Bonus track*IDA 2024 PROMO \u201eJungle Scratch\u201d Tuse \/ Mad Cannabeatz \/ DJ Damndanny \/ Sabot \/ DJ Ride \/ Cheeba produced by Mad Cannabeatz &amp; Tuse<\/p>\t\t\t\t\t\t\t\t<\/div>\n\t\t\t\t<\/div>\n\t\t\t\t<div class=\"elementor-element elementor-element-15e262e elementor-widget elementor-widget-image\" data-id=\"15e262e\" data-element_type=\"widget\" data-e-type=\"widget\" data-widget_type=\"image.default\">\n\t\t\t\t<div class=\"elementor-widget-container\">\n\t\t\t\t\t\t\t\t\t\t\t\t\t\t\t<img decoding=\"async\" width=\"800\" height=\"965\" src=\"https:\/\/zooteka.com.pl\/wp-content\/uploads\/2024\/10\/KRKRAPATAK20_CDpack_mockup_1.webp\" class=\"attachment-large size-large wp-image-59\" alt=\"KRK RAP ATAK 2.0\" srcset=\"https:\/\/zooteka.com.pl\/wp-content\/uploads\/2024\/10\/KRKRAPATAK20_CDpack_mockup_1.webp 800w, https:\/\/zooteka.com.pl\/wp-content\/uploads\/2024\/10\/KRKRAPATAK20_CDpack_mockup_1-249x300.webp 249w, https:\/\/zooteka.com.pl\/wp-content\/uploads\/2024\/10\/KRKRAPATAK20_CDpack_mockup_1-768x926.webp 768w\" sizes=\"(max-width: 800px) 100vw, 800px\" \/>\t\t\t\t\t\t\t\t\t\t\t\t\t\t\t<\/div>\n\t\t\t\t<\/div>\n\t\t\t\t\t<\/div>\n\t\t\t\t<\/div>\n\t\t<div class=\"elementor-element elementor-element-74654c7 e-grid e-con-boxed e-con e-parent\" data-id=\"74654c7\" data-element_type=\"container\" data-e-type=\"container\">\n\t\t\t\t\t<div class=\"e-con-inner\">\n\t\t\t\t<div class=\"elementor-element elementor-element-336ed01 elementor-widget elementor-widget-image\" data-id=\"336ed01\" data-element_type=\"widget\" data-e-type=\"widget\" data-widget_type=\"image.default\">\n\t\t\t\t<div class=\"elementor-widget-container\">\n\t\t\t\t\t\t\t\t\t\t\t\t\t\t\t<img loading=\"lazy\" decoding=\"async\" width=\"1536\" height=\"1090\" src=\"https:\/\/zooteka.com.pl\/wp-content\/uploads\/2024\/10\/KRKRAPATAK20_CDpack_mockup_2-1536x1090.webp\" class=\"attachment-1536x1536 size-1536x1536 wp-image-76\" alt=\"ZOOTEKA KRK RAP ATAK 2.0\" srcset=\"https:\/\/zooteka.com.pl\/wp-content\/uploads\/2024\/10\/KRKRAPATAK20_CDpack_mockup_2-1536x1090.webp 1536w, https:\/\/zooteka.com.pl\/wp-content\/uploads\/2024\/10\/KRKRAPATAK20_CDpack_mockup_2-300x213.webp 300w, https:\/\/zooteka.com.pl\/wp-content\/uploads\/2024\/10\/KRKRAPATAK20_CDpack_mockup_2-1024x727.webp 1024w, https:\/\/zooteka.com.pl\/wp-content\/uploads\/2024\/10\/KRKRAPATAK20_CDpack_mockup_2-768x545.webp 768w, https:\/\/zooteka.com.pl\/wp-content\/uploads\/2024\/10\/KRKRAPATAK20_CDpack_mockup_2.webp 1920w\" sizes=\"(max-width: 1536px) 100vw, 1536px\" \/>\t\t\t\t\t\t\t\t\t\t\t\t\t\t\t<\/div>\n\t\t\t\t<\/div>\n\t\t\t\t\t<\/div>\n\t\t\t\t<\/div>\n\t\t\t\t<\/div>\n\t\t","protected":false},"excerpt":{"rendered":"<p>KRK RAP ATAK 2.0 NA WINYLU PRE-ORDER KRK RAP ATAK 2.0 &#8211; P\u0141YTA WINYLOWA Zorganizowali\u015bmy zrzutk\u0119 w ramach kt\u00f3rej zach\u0119camy [&hellip;]<\/p>\n","protected":false},"author":1,"featured_media":10,"parent":0,"menu_order":0,"comment_status":"closed","ping_status":"closed","template":"","meta":{"inline_featured_image":false,"site-sidebar-layout":"no-sidebar","site-content-layout":"","ast-site-content-layout":"full-width-container","site-content-style":"default","site-sidebar-style":"default","ast-global-header-display":"","ast-banner-title-visibility":"","ast-main-header-display":"","ast-hfb-above-header-display":"","ast-hfb-below-header-display":"","ast-hfb-mobile-header-display":"","site-post-title":"disabled","ast-breadcrumbs-content":"","ast-featured-img":"disabled","footer-sml-layout":"","theme-transparent-header-meta":"","adv-header-id-meta":"","stick-header-meta":"","header-above-stick-meta":"","header-main-stick-meta":"","header-below-stick-meta":"","astra-migrate-meta-layouts":"default","ast-page-background-enabled":"default","ast-page-background-meta":{"desktop":{"background-color":"var(--ast-global-color-4)","background-image":"","background-repeat":"repeat","background-position":"center center","background-size":"auto","background-attachment":"scroll","background-type":"","background-media":"","overlay-type":"","overlay-color":"","overlay-opacity":"","overlay-gradient":""},"tablet":{"background-color":"","background-image":"","background-repeat":"repeat","background-position":"center center","background-size":"auto","background-attachment":"scroll","background-type":"","background-media":"","overlay-type":"","overlay-color":"","overlay-opacity":"","overlay-gradient":""},"mobile":{"background-color":"","background-image":"","background-repeat":"repeat","background-position":"center center","background-size":"auto","background-attachment":"scroll","background-type":"","background-media":"","overlay-type":"","overlay-color":"","overlay-opacity":"","overlay-gradient":""}},"ast-content-background-meta":{"desktop":{"background-color":"var(--ast-global-color-5)","background-image":"","background-repeat":"repeat","background-position":"center center","background-size":"auto","background-attachment":"scroll","background-type":"","background-media":"","overlay-type":"","overlay-color":"","overlay-opacity":"","overlay-gradient":""},"tablet":{"background-color":"var(--ast-global-color-5)","background-image":"","background-repeat":"repeat","background-position":"center center","background-size":"auto","background-attachment":"scroll","background-type":"","background-media":"","overlay-type":"","overlay-color":"","overlay-opacity":"","overlay-gradient":""},"mobile":{"background-color":"var(--ast-global-color-5)","background-image":"","background-repeat":"repeat","background-position":"center center","background-size":"auto","background-attachment":"scroll","background-type":"","background-media":"","overlay-type":"","overlay-color":"","overlay-opacity":"","overlay-gradient":""}},"footnotes":""},"class_list":["post-14","page","type-page","status-publish","has-post-thumbnail","hentry"],"_links":{"self":[{"href":"https:\/\/zooteka.com.pl\/index.php?rest_route=\/wp\/v2\/pages\/14","targetHints":{"allow":["GET"]}}],"collection":[{"href":"https:\/\/zooteka.com.pl\/index.php?rest_route=\/wp\/v2\/pages"}],"about":[{"href":"https:\/\/zooteka.com.pl\/index.php?rest_route=\/wp\/v2\/types\/page"}],"author":[{"embeddable":true,"href":"https:\/\/zooteka.com.pl\/index.php?rest_route=\/wp\/v2\/users\/1"}],"replies":[{"embeddable":true,"href":"https:\/\/zooteka.com.pl\/index.php?rest_route=%2Fwp%2Fv2%2Fcomments&post=14"}],"version-history":[{"count":98,"href":"https:\/\/zooteka.com.pl\/index.php?rest_route=\/wp\/v2\/pages\/14\/revisions"}],"predecessor-version":[{"id":156,"href":"https:\/\/zooteka.com.pl\/index.php?rest_route=\/wp\/v2\/pages\/14\/revisions\/156"}],"wp:featuredmedia":[{"embeddable":true,"href":"https:\/\/zooteka.com.pl\/index.php?rest_route=\/wp\/v2\/media\/10"}],"wp:attachment":[{"href":"https:\/\/zooteka.com.pl\/index.php?rest_route=%2Fwp%2Fv2%2Fmedia&parent=14"}],"curies":[{"name":"wp","href":"https:\/\/api.w.org\/{rel}","templated":true}]}}